8.
2, 1777
What are the prime factors of 6112?
2, 191
What are the prime factors of 3651?
3, 1217
List the prime factors of 12198.
2, 3, 19, 107
What are the prime factors of 1490?
2, 5, 149
List the prime factors of 390.
2, 3, 5, 13
List the prime factors of 3842.
2, 17, 113
What are the prime factors of 13706?
2, 7, 11, 89
List the prime factors of 49252.
2, 7, 1759
What are the prime factors of 1057?
7, 151
List the prime factors of 89714.
2, 31, 1447
What are the prime factors of 63757?
103, 619
List the prime factors of 543.
3, 181
List the prime factors of 7094.
2, 3547
List the prime factors of 12424.
2, 1553
What are the prime factors of 50736?
2, 3, 7, 151
What are the prime factors of 527?
17, 31
List the prime factors of 789.
3, 263
List the prime factors of 148185.
3, 5, 37, 89
What are the prime factors of 113859?
3, 4217
What are the prime factors of 10162?
2, 5081
What are the prime factors of 253?
11, 23
What are the prime factors of 3311?
7, 11, 43
What are the prime factors of 13724?
2, 47, 73
List the prime factors of 11427.
3, 13, 293
List the prime factors of 2418.
2, 3, 13, 31
What are the prime factors of 17094?
2, 3, 7, 11, 37
What are the prime factors of 486?
2, 3
What are the prime factors of 3339?
3, 7, 53
What are the prime factors of 1834?
2, 7, 131
List the prime factors of 22735.
5, 4547
What are the prime factors of 82?
2, 41
What are the prime factors of 14162?
2, 73, 97
List the prime factors of 4884.
2, 3, 11, 37
List the prime factors of 1507.
11, 137
List the prime factors of 1228.
2, 307
List the prime factors of 390.
2, 3, 5, 13
What are the prime factors of 1262?
2, 631
List the prime factors of 2797.
2797
What are the prime factors of 10125?
3, 5
What are the prime factors of 208?
2, 13
List the prime factors of 27803.
27803
What are the prime factors of 1356?
2, 3, 113
What are the prime factors of 6746?
2, 3373
List the prime factors of 1136.
2, 71
List the prime factors of 3503.
31, 113
What are the prime factors of 6545?
5, 7, 11, 17
List the prime factors of 2658.
2, 3, 443
List the prime factors of 492.
2, 3, 41
What are the prime factors of 20858?
2, 10429
What are the prime factors of 6804?
2, 3, 7
List the prime factors of 1361.
1361
What are the prime factors of 30537?
3, 13, 29
List the prime factors of 16569.
3, 7, 263
List the prime factors of 29746.
2, 107, 139
What are the prime factors of 43774?
2, 43, 509
What are the prime factors of 36420?
2, 3, 5, 607
What are the prime factors of 3251?
3251
What are the prime factors of 11783?
11783
List the prime factors of 16361.
16361
What are the prime factors of 36033?
3, 12011
List the prime factors of 6083.
7, 11, 79
What are the prime factors of 4260?
2, 3, 5, 71
What are the prime factors of 707?
7, 101
List the prime factors of 46653.
3, 15551
What are the prime factors of 27023?
61, 443
What are the prime factors of 935?
5, 11, 17
What are the prime factors of 655?
5, 131
What are the prime factors of 17026?
2, 8513
List the prime factors of 36848.
2, 7, 47
What are the prime factors of 1060?
2, 5, 53
List the prime factors of 35219.
41, 859
List the prime factors of 1814.
2, 907
List the prime factors of 1255.
5, 251
What are the prime factors of 75156?
2, 3, 6263
List the prime factors of 813.
3, 271
What are the prime factors of 3051?
3, 113
List the prime factors of 743.
743
What are the prime factors of 15101?
15101
List the prime factors of 7139.
11, 59
List the prime factors of 34078.
2, 11, 1549
What are the prime factors of 276?
2, 3, 23
List the prime factors of 767.
13, 59
What are the prime factors of 67301?
13, 31, 167
What are the prime factors of 91598?
2, 13, 271
List the prime factors of 143529.
3, 47843
What are the prime factors of 32365?
5, 6473
What are the prime factors of 13233?
3, 11, 401
What are the prime factors of 849?
3, 283
List the prime factors of 7297.
7297
List the prime factors of 5433.
3, 1811
List the prime factors of 23784.
2, 3, 991
List the prime factors of 1642.
2, 821
List the prime factors of 947.
947
List the prime factors of 2506.
2, 7, 179
What are the prime factors of 11388?
2, 3, 13, 73
What are the prime factors of 552?
2, 3, 23
List the prime factors of 20782.
2, 10391
List the prime factors of 12248.
2, 1531
List the prime factors of 94634.
2, 47317
What are the prime factors of 15566?
2, 43, 181
What are the prime factors of 1559?
1559
List the prime factors of 172.
2, 43
List the prime factors of 143094.
2, 3, 7, 3407
List the prime factors of 30190.
2, 5, 3019
What are the prime factors of 613?
613
List the prime factors of 79888.
2, 4993
List the prime factors of 1729.
7, 13, 19
List the prime factors of 1526.
2, 7, 109
What are the prime factors of 2068?
2, 11, 47
List the prime factors of 966.
2, 3, 7, 23
List the prime factors of 13094.
2, 6547
What are the prime factors of 1510?
2, 5, 151
List the prime factors of 56574.
2, 3, 7, 449
List the prime factors of 4204.
2, 1051
List the prime factors of 7346.
2, 3673
List the prime factors of 20347.
20347
What are the prime factors of 1538?
2, 769
List the prime factors of 18685.
5, 37, 101
List the prime factors of 11537.
83, 139
What are the prime factors of 1549?
1549
List the prime factors of 17685.
3, 5, 131
What are the prime factors of 25596?
2, 3, 79
What are the prime factors of 67698?
2, 3, 3761
List the prime factors of 798.
2, 3, 7, 19
What are the prime factors of 790?
2, 5, 79
List the prime factors of 3081.
3, 13, 79
List the prime factors of 4208.
2, 263
What are the prime factors of 7045?
5, 1409
What are the prime factors of 4844?
2, 7, 173
List the prime factors of 834.
2, 3, 139
List the prime factors of 12878.
2, 47, 137
What are the prime factors of 775?
5, 31
What are the prime factors of 8949?
3, 19, 157
What are the prime factors of 36711?
3, 4079
What are the prime factors of 10095?
3, 5, 673
What are the prime factors of 3718?
2, 11, 13
What are the prime factors of 9360?
2, 3, 5, 13
What are the prime factors of 13714?
2, 6857
List the prime factors of 4364.
2, 1091
What are the prime factors of 906?
2, 3, 151
List the prime factors of 428.
2, 107
What are the prime factors of 2033?
19, 107
What are the prime factors of 2775?
3, 5, 37
What are the prime factors of 2583?
3, 7, 41
List the prime factors of 2442.
2, 3, 11, 37
List the prime factors of 11197.
11197
List the prime factors of 76372.
2, 61, 313
What are the prime factors of 12727?
11, 13, 89
List the prime factors of 12696.
2, 3, 23
What are the prime factors of 5848?
2, 17, 43
What are the prime factors of 73976?
2, 7, 1321
What are the prime factors of 4587?
3, 11, 139
List the prime factors of 1498.
2, 7, 107
What are the prime factors of 8557?
43, 199
What are the prime factors of 795?
3, 5, 53
What are the prime factors of 5143?
37, 139
What are the prime factors of 823?
823
List the prime factors of 3227.
7, 461
What are the prime factors of 6647?
17, 23
What are the prime factors of 35750?
2, 5, 11, 13
What are the prime factors of 12720?
2, 3, 5, 53
What are the prime factors of 148?
2, 37
List the prime factors of 20624.
2, 1289
List the prime factors of 33292.
2, 7, 29, 41
List the prime factors of 2110.
2, 5, 211
List the prime factors of 47197.
109, 433
What are the prime factors of 284?
2, 71
What are the prime factors of 143715?
3, 5, 11, 13, 67
List the prime factors of 163512.
2, 3, 757
List the prime factors of 2443.
7, 349
List the prime factors of 21.
3, 7
What are the prime factors of 3823?
3823
What are the prime factors of 74581?
13, 5737
List the prime factors of 5425.
5, 7, 31
List the prime factors of 12917.
12917
List the prime factors of 46144.
2, 7, 103
List the prime factors of 9424.
2, 19, 31
List the prime factors of 6106.
2, 43, 71
What are the prime factors of 28401?
3, 9467
What are the prime factors of 27103?
27103
What are the prime factors of 4155?
3, 5, 277
List the prime factors of 13625.
5, 109
List the prime factors of 1394.
2, 17, 41
List the prime factors of 243.
3
What are the prime factors of 189?
3, 7
What are the prime factors of 29782?
2, 14891
List the prime factors of 898.
2, 449
List the prime factors of 4795.
5, 7, 137
List the prime factors of 13873.
13873
List the prime factors of 833.
7, 